{"id":523,"date":"2021-11-09T09:24:49","date_gmt":"2021-11-09T09:24:49","guid":{"rendered":"https:\/\/integration.ow.ch\/?page_id=523"},"modified":"2025-10-09T10:27:30","modified_gmt":"2025-10-09T08:27:30","slug":"abfall","status":"publish","type":"page","link":"https:\/\/integration.ow.ch\/en\/wohnen\/abfall\/","title":{"rendered":"Waste"},"content":{"rendered":"<h1 class=\"wp-block-heading\">Living <\/h1>\n\n\n\n<h2 class=\"wp-block-heading\">Waste<\/h2>\n\n\n\n<h3 class=\"wp-block-heading\">Questions:<\/h3>\n\n\n\n<div class=\"wp-block-quick-and-easy-faqs-faqs-accordion-orderby-title-asc\">            <div class=\"qae-faqs-container qae-faqs-toggle-container\">\n\t\t\t\t\t\t\t<ul class=\"qe-faqs-filters-container\">\n\t\t\t\t<li class=\"active\"><a class=\"qe-faqs-filter all-faqs\" href=\"#\" data-filter=\"*\">All<\/a><\/li>\n\t\t\t\t<li><a class=\"qe-faqs-filter\" href=\"#Abfall\" data-filter=\".Abfall\">Waste<\/a><\/li>\t\t\t<\/ul>\n\t\t\t\t\t<div id=\"qaef-526\" class=\"qe-faq-toggle abfall\">\n\t\t\t<div class=\"qe-toggle-title\">\n\t\t\t\t<h4>\n\t\t\t\t\t<i class=\"fa fa-minus-circle\"><\/i> 01. Wo bekomme ich Abfalls\u00e4cke?\t\t\t\t<\/h4>\n\t\t\t<\/div>\n\t\t\t<div class=\"qe-toggle-content\">\n\t\t\t\t\n<div class=\"inherit-container-width wp-block-group is-layout-constrained wp-block-group-is-layout-constrained\"><div class=\"wp-block-group__inner-container\">\n<p>Die Geb\u00fchrens\u00e4cke k\u00f6nnen rollenweise in allen gr\u00f6sseren Gesch\u00e4ften gekauft werden. Oft m\u00fcssen sie direkt an der Kasse verlangt werden. <em><a href=\"https:\/\/www.ezvow.ch\/gebuehrensack.html\" target=\"_blank\" rel=\"noreferrer noopener\"><strong>Here\u00a0<\/strong><\/a><\/em>finden Sie eine Liste der Verkaufsstellen der Geb\u00fchrens\u00e4cke.<\/p>\n\n\n\n<p>Three different sizes of fee bags are available for waste disposal:<\/p>\n\n\n\n<ul class=\"wp-block-list\">\n<li>17-Liter-Sack&nbsp;&nbsp;&nbsp;&nbsp;&nbsp;&nbsp;&nbsp;&nbsp;&nbsp;&nbsp;&nbsp;&nbsp;&nbsp;&nbsp;&nbsp;&nbsp;&nbsp;&nbsp;&nbsp;&nbsp;&nbsp; CHF 1\/Stk.<\/li>\n\n\n\n<li>35-Liter-Sack&nbsp;&nbsp;&nbsp;&nbsp;&nbsp;&nbsp;&nbsp;&nbsp;&nbsp;&nbsp;&nbsp;&nbsp;&nbsp;&nbsp;&nbsp;&nbsp;&nbsp;&nbsp;&nbsp;&nbsp;&nbsp; CHF 2\/Stk.<\/li>\n\n\n\n<li>60-Liter-Sack&nbsp;&nbsp;&nbsp;&nbsp;&nbsp;&nbsp;&nbsp;&nbsp;&nbsp;&nbsp;&nbsp;&nbsp;&nbsp;&nbsp;&nbsp;&nbsp;&nbsp;&nbsp;&nbsp;&nbsp;&nbsp; CHF 3.30\/Stk.<\/li>\n<\/ul>\n\n\n\n<p>Diese Geb\u00fchren sind im Kaufpreis inbegriffen und werden f\u00fcr das Abholen und das Verbrennen des Abfalls eingesetzt. <br>Weitere Infos zum Thema Abfallentsorgung finden Sie\u00a0<a href=\"http:\/\/www.ezvow.ch\/\" target=\"_blank\" rel=\"noreferrer noopener\"><strong><em>here. <\/em><\/strong><\/a><\/p>\n<\/div><\/div>\n\n\n\n<p><\/p>\n\t\t\t<\/div>\n\t\t<\/div>\n\t\t\t\t<div id=\"qaef-528\" class=\"qe-faq-toggle abfall\">\n\t\t\t<div class=\"qe-toggle-title\">\n\t\t\t\t<h4>\n\t\t\t\t\t<i class=\"fa fa-minus-circle\"><\/i> 02. Welche Abf\u00e4lle geh\u00f6ren nicht in den Abfallsack?\t\t\t\t<\/h4>\n\t\t\t<\/div>\n\t\t\t<div class=\"qe-toggle-content\">\n\t\t\t\t\n<div class=\"inherit-container-width wp-block-group is-layout-constrained wp-block-group-is-layout-constrained\"><div class=\"wp-block-group__inner-container\">\n<p>Im Kanton Obwalden k\u00f6nnen Sie einen Teil des Abfalls trennen und gratis an <strong>Sammelstellen<\/strong> abgeben. Jede Gemeinde verf\u00fcgt \u00fcber eigene Sammelstellen. <strong><em><a href=\"http:\/\/www.ezvow.ch\/media\/files\/diverse-dokumente-(pdf)\/zusammenstellung-kehricht-und-wertstoffe.pdf\">Here<\/a> <\/em><\/strong>you will find a list of what can be disposed of at which collection point in the canton of Obwalden. You can bring to the collection points for example:<\/p>\n\n\n\n<div style=\"height:1px\" aria-hidden=\"true\" class=\"wp-block-spacer\"><\/div>\n\n\n\n<figure class=\"wp-block-image alignright size-full is-resized\"><img decoding=\"async\" loading=\"lazy\" width=\"500\" height=\"338\" src=\"https:\/\/integration.ow.ch\/wp-content\/uploads\/2021\/11\/F4-2_Abfall_RogerWehrli.jpg\" alt=\"\" class=\"wp-image-529\" style=\"width:375px;height:254px\" srcset=\"https:\/\/integration.ow.ch\/wp-content\/uploads\/2021\/11\/F4-2_Abfall_RogerWehrli.jpg 500w, https:\/\/integration.ow.ch\/wp-content\/uploads\/2021\/11\/F4-2_Abfall_RogerWehrli-300x203.jpg 300w\" sizes=\"auto, (max-width: 500px) 100vw, 500px\" \/><\/figure>\n\n\n\n<ul id=\"block-12bd7688-4d2f-4547-90c5-4af469c6fec7\" class=\"wp-block-list\">\n<li>Glass<\/li>\n\n\n\n<li>Cans and aluminum<\/li>\n\n\n\n<li>Cardboard<\/li>\n\n\n\n<li>Paper<\/li>\n\n\n\n<li>Old clothes <\/li>\n\n\n\n<li>PET and milk bottles can be disposed of in supermarkets <\/li>\n<\/ul>\n\n\n\n<p>Batterien, Neonr\u00f6hren, Sparlampen und Elektroger\u00e4te sollten Sie unbedingt getrennt bei einer Sammelstelle und nicht im Abfallsack entsorgen. <\/p>\n\n\n\n<p>Bei Fragen rund um die Entsorgung von Abf\u00e4llen im Kanton Obwalden steht Ihnen der <strong><em><a href=\"https:\/\/www.ezvow.ch\/\">Entsorgungszweckverband<\/a><\/em><\/strong> gerne zur Verf\u00fcgung. <br>Kontakt: Tel.: <a href=\"tel:41416600330\">+41 41 660 03 30<\/a>, E-Mail: <em><a href=\"mailto:info@ezvow.ch\">info@ezvow.ch<\/a><\/em> <br>At\u00a0<em><a href=\"http:\/\/www.abfall.ch\/\" target=\"_blank\" rel=\"noreferrer noopener\"><strong>www.abfall.ch<\/strong><\/a><\/em>\u00a0you will find more information on the topic.<\/p>\n<\/div><\/div>\n\t\t\t<\/div>\n\t\t<\/div>\n\t\t\t\t<div id=\"qaef-534\" class=\"qe-faq-toggle abfall\">\n\t\t\t<div class=\"qe-toggle-title\">\n\t\t\t\t<h4>\n\t\t\t\t\t<i class=\"fa fa-minus-circle\"><\/i> 03. Wie kann ich K\u00fcchenabf\u00e4lle entsorgen?\t\t\t\t<\/h4>\n\t\t\t<\/div>\n\t\t\t<div class=\"qe-toggle-content\">\n\t\t\t\t\n<div class=\"inherit-container-width wp-block-group is-layout-constrained wp-block-group-is-layout-constrained\"><div class=\"wp-block-group__inner-container\">\n<figure class=\"wp-block-image alignright size-full is-resized\"><img decoding=\"async\" loading=\"lazy\" width=\"500\" height=\"338\" src=\"https:\/\/integration.ow.ch\/wp-content\/uploads\/2021\/11\/F7-2_31345087_Patryssia.jpg\" alt=\"\" class=\"wp-image-535\" style=\"width:375px;height:254px\" srcset=\"https:\/\/integration.ow.ch\/wp-content\/uploads\/2021\/11\/F7-2_31345087_Patryssia.jpg 500w, https:\/\/integration.ow.ch\/wp-content\/uploads\/2021\/11\/F7-2_31345087_Patryssia-300x203.jpg 300w\" sizes=\"auto, (max-width: 500px) 100vw, 500px\" \/><\/figure>\n\n\n\n<p class=\"has-text-align-left\">K\u00fcchenabf\u00e4lle geh\u00f6ren zum Gr\u00fcngut und k\u00f6nnen zusammen mit Gartenabf\u00e4llen folgendermassen entsorgt werden: <\/p>\n\n\n\n<ul class=\"wp-block-list\">\n<li>In einer <strong>green ton<\/strong> in Ihrem Wohnort <\/li>\n\n\n\n<li>Bei einer <strong>Materials collection point<\/strong><\/li>\n\n\n\n<li>F\u00fcr die Umwelt ist es wichtig, kompostierbare Abf\u00e4lle nicht im Abfallsack zu entsorgen. <\/li>\n<\/ul>\n<\/div><\/div>\n\t\t\t<\/div>\n\t\t<\/div>\n\t\t\t\t<div id=\"qaef-539\" class=\"qe-faq-toggle abfall\">\n\t\t\t<div class=\"qe-toggle-title\">\n\t\t\t\t<h4>\n\t\t\t\t\t<i class=\"fa fa-minus-circle\"><\/i> 04. Was mache ich mit alten Kleidern und alten M\u00f6beln?\t\t\t\t<\/h4>\n\t\t\t<\/div>\n\t\t\t<div class=\"qe-toggle-content\">\n\t\t\t\t\n<figure class=\"wp-block-image alignleft size-full is-resized\"><img decoding=\"async\" loading=\"lazy\" width=\"500\" height=\"338\" src=\"https:\/\/integration.ow.ch\/wp-content\/uploads\/2021\/11\/F8-2_30771672_tinadefortunata.jpg\" alt=\"\" class=\"wp-image-540\" style=\"width:450px;height:auto\" srcset=\"https:\/\/integration.ow.ch\/wp-content\/uploads\/2021\/11\/F8-2_30771672_tinadefortunata.jpg 500w, https:\/\/integration.ow.ch\/wp-content\/uploads\/2021\/11\/F8-2_30771672_tinadefortunata-300x203.jpg 300w\" sizes=\"auto, (max-width: 500px) 100vw, 500px\" \/><\/figure>\n\n\n\n<div class=\"inherit-container-width wp-block-group is-layout-constrained wp-block-group-is-layout-constrained\"><div class=\"wp-block-group__inner-container\">\n<p>Alte Kleider geh\u00f6ren in die <strong>Kleidersammlung,<\/strong> wenn sie nicht kaputt sind. Alte M\u00f6bel k\u00f6nnen ins <strong>Brockenhaus<\/strong> gebracht werden, wenn sie nicht kaputt sind. Ansonsten geh\u00f6ren Sie zum <strong>Sperrgut<\/strong>. <br>Tipp: Second-Hand-L\u00e4den oder Brockenh\u00e4user haben ein breites Sortiment an gebrauchten Gegenst\u00e4nden, die Sie zu einem g\u00fcnstigen Preis erwerben k\u00f6nnen. In der N\u00e4he gibt es Brockenh\u00e4user in <a href=\"https:\/\/www.brockenhausobwalden.ch\/\"><strong><em>Sarnen<\/em><\/strong><\/a>, in <strong><em><a href=\"https:\/\/www.xn--brockhuis-z2a.ch\/\">Stans<\/a> <\/em><\/strong>or in <a href=\"https:\/\/www.igarbeit.ch\/dienstleistungen\/luzerner-brockenhaus.html\"><strong><em>Lucerne<\/em><\/strong><\/a>.<\/p>\n<\/div><\/div>\n\n\n\n<p><\/p>\n\t\t\t<\/div>\n\t\t<\/div>\n\t\t            <\/div>\n\t\t<\/div>\n\n\n\n<p><\/p>","protected":false},"excerpt":{"rendered":"<p>Wohnen Abfall Fragen:<\/p>","protected":false},"author":1,"featured_media":0,"parent":489,"menu_order":17,"comment_status":"closed","ping_status":"closed","template":"","meta":{"_uag_custom_page_level_css":"","site-sidebar-layout":"default","site-content-layout":"","ast-site-content-layout":"default","site-content-style":"default","site-sidebar-style":"default","ast-global-header-display":"","ast-banner-title-visibility":"","ast-main-header-display":"","ast-hfb-above-header-display":"","ast-hfb-below-header-display":"","ast-hfb-mobile-header-display":"","site-post-title":"disabled","ast-breadcrumbs-content":"","ast-featured-img":"","footer-sml-layout":"","ast-disable-related-posts":"","theme-transparent-header-meta":"","adv-header-id-meta":"","stick-header-meta":"","header-above-stick-meta":"","header-main-stick-meta":"","header-below-stick-meta":"","astra-migrate-meta-layouts":"set","ast-page-background-enabled":"default","ast-page-background-meta":{"desktop":{"background-color":"","background-image":"","background-repeat":"repeat","background-position":"center center","background-size":"auto","background-attachment":"scroll","background-type":"","background-media":"","overlay-type":"","overlay-color":"","overlay-opacity":"","overlay-gradient":""},"tablet":{"background-color":"","background-image":"","background-repeat":"repeat","background-position":"center center","background-size":"auto","background-attachment":"scroll","background-type":"","background-media":"","overlay-type":"","overlay-color":"","overlay-opacity":"","overlay-gradient":""},"mobile":{"background-color":"","background-image":"","background-repeat":"repeat","background-position":"center center","background-size":"auto","background-attachment":"scroll","background-type":"","background-media":"","overlay-type":"","overlay-color":"","overlay-opacity":"","overlay-gradient":""}},"ast-content-background-meta":{"desktop":{"background-color":"var(--ast-global-color-5)","background-image":"","background-repeat":"repeat","background-position":"center center","background-size":"auto","background-attachment":"scroll","background-type":"","background-media":"","overlay-type":"","overlay-color":"","overlay-opacity":"","overlay-gradient":""},"tablet":{"background-color":"var(--ast-global-color-5)","background-image":"","background-repeat":"repeat","background-position":"center center","background-size":"auto","background-attachment":"scroll","background-type":"","background-media":"","overlay-type":"","overlay-color":"","overlay-opacity":"","overlay-gradient":""},"mobile":{"background-color":"var(--ast-global-color-5)","background-image":"","background-repeat":"repeat","background-position":"center center","background-size":"auto","background-attachment":"scroll","background-type":"","background-media":"","overlay-type":"","overlay-color":"","overlay-opacity":"","overlay-gradient":""}},"footnotes":""},"class_list":["post-523","page","type-page","status-publish","hentry"],"uagb_featured_image_src":{"full":false,"thumbnail":false,"medium":false,"medium_large":false,"large":false,"1536x1536":false,"2048x2048":false,"trp-custom-language-flag":false},"uagb_author_info":{"display_name":"admin","author_link":"https:\/\/integration.ow.ch\/en\/author\/inow-wpadmin\/"},"uagb_comment_info":0,"uagb_excerpt":"Wohnen Abfall Fragen:","_links":{"self":[{"href":"https:\/\/integration.ow.ch\/en\/wp-json\/wp\/v2\/pages\/523","targetHints":{"allow":["GET"]}}],"collection":[{"href":"https:\/\/integration.ow.ch\/en\/wp-json\/wp\/v2\/pages"}],"about":[{"href":"https:\/\/integration.ow.ch\/en\/wp-json\/wp\/v2\/types\/page"}],"author":[{"embeddable":true,"href":"https:\/\/integration.ow.ch\/en\/wp-json\/wp\/v2\/users\/1"}],"replies":[{"embeddable":true,"href":"https:\/\/integration.ow.ch\/en\/wp-json\/wp\/v2\/comments?post=523"}],"version-history":[{"count":1,"href":"https:\/\/integration.ow.ch\/en\/wp-json\/wp\/v2\/pages\/523\/revisions"}],"predecessor-version":[{"id":2120,"href":"https:\/\/integration.ow.ch\/en\/wp-json\/wp\/v2\/pages\/523\/revisions\/2120"}],"up":[{"embeddable":true,"href":"https:\/\/integration.ow.ch\/en\/wp-json\/wp\/v2\/pages\/489"}],"wp:attachment":[{"href":"https:\/\/integration.ow.ch\/en\/wp-json\/wp\/v2\/media?parent=523"}],"curies":[{"name":"wp","href":"https:\/\/api.w.org\/{rel}","templated":true}]}}

<h1 class="wp-block-heading">Living </h1>



<h2 class="wp-block-heading">Waste</h2>



<h3 class="wp-block-heading">Questions:</h3>



<div class="wp-block-quick-and-easy-faqs-faqs-accordion-orderby-title-asc">            <div class="qae-faqs-container qae-faqs-toggle-container">
							<ul class="qe-faqs-filters-container">
				<li class="active"><a class="qe-faqs-filter all-faqs" href="#" data-filter="*">All</a></li>
				<li><a class="qe-faqs-filter" href="#Abfall" data-filter=".Abfall">Waste</a></li>			</ul>
					<div id="qaef-526" class="qe-faq-toggle abfall">
			<div class="qe-toggle-title">
				<h4>
					<i class="fa fa-minus-circle"></i> 01. Wo bekomme ich Abfallsäcke?				</h4>
			</div>
			<div class="qe-toggle-content">
				
<div class="inherit-container-width wp-block-group is-layout-constrained wp-block-group-is-layout-constrained"><div class="wp-block-group__inner-container">
<p>Die Gebührensäcke können rollenweise in allen grösseren Geschäften gekauft werden. Oft müssen sie direkt an der Kasse verlangt werden. <em><a href="https://www.ezvow.ch/gebuehrensack.html" target="_blank" rel="noreferrer noopener"><strong>Here </strong></a></em>finden Sie eine Liste der Verkaufsstellen der Gebührensäcke.</p>



<p>Three different sizes of fee bags are available for waste disposal:</p>



<ul class="wp-block-list">
<li>17-Liter-Sack&nbsp;&nbsp;&nbsp;&nbsp;&nbsp;&nbsp;&nbsp;&nbsp;&nbsp;&nbsp;&nbsp;&nbsp;&nbsp;&nbsp;&nbsp;&nbsp;&nbsp;&nbsp;&nbsp;&nbsp;&nbsp; CHF 1/Stk.</li>



<li>35-Liter-Sack&nbsp;&nbsp;&nbsp;&nbsp;&nbsp;&nbsp;&nbsp;&nbsp;&nbsp;&nbsp;&nbsp;&nbsp;&nbsp;&nbsp;&nbsp;&nbsp;&nbsp;&nbsp;&nbsp;&nbsp;&nbsp; CHF 2/Stk.</li>



<li>60-Liter-Sack&nbsp;&nbsp;&nbsp;&nbsp;&nbsp;&nbsp;&nbsp;&nbsp;&nbsp;&nbsp;&nbsp;&nbsp;&nbsp;&nbsp;&nbsp;&nbsp;&nbsp;&nbsp;&nbsp;&nbsp;&nbsp; CHF 3.30/Stk.</li>
</ul>



<p>Diese Gebühren sind im Kaufpreis inbegriffen und werden für das Abholen und das Verbrennen des Abfalls eingesetzt. <br>Weitere Infos zum Thema Abfallentsorgung finden Sie <a href="http://www.ezvow.ch/" target="_blank" rel="noreferrer noopener"><strong><em>here. </em></strong></a></p>
</div></div>



<p></p>
			</div>
		</div>
				<div id="qaef-528" class="qe-faq-toggle abfall">
			<div class="qe-toggle-title">
				<h4>
					<i class="fa fa-minus-circle"></i> 02. Welche Abfälle gehören nicht in den Abfallsack?				</h4>
			</div>
			<div class="qe-toggle-content">
				
<div class="inherit-container-width wp-block-group is-layout-constrained wp-block-group-is-layout-constrained"><div class="wp-block-group__inner-container">
<p>Im Kanton Obwalden können Sie einen Teil des Abfalls trennen und gratis an <strong>Sammelstellen</strong> abgeben. Jede Gemeinde verfügt über eigene Sammelstellen. <strong><em><a href="http://www.ezvow.ch/media/files/diverse-dokumente-(pdf)/zusammenstellung-kehricht-und-wertstoffe.pdf">Here</a> </em></strong>you will find a list of what can be disposed of at which collection point in the canton of Obwalden. You can bring to the collection points for example:</p>



<div style="height:1px" aria-hidden="true" class="wp-block-spacer"></div>



<figure class="wp-block-image alignright size-full is-resized"><img decoding="async" loading="lazy" width="500" height="338" src="https://integration.ow.ch/wp-content/uploads/2021/11/F4-2_Abfall_RogerWehrli.jpg" alt="" class="wp-image-529" style="width:375px;height:254px" srcset="https://integration.ow.ch/wp-content/uploads/2021/11/F4-2_Abfall_RogerWehrli.jpg 500w, https://integration.ow.ch/wp-content/uploads/2021/11/F4-2_Abfall_RogerWehrli-300x203.jpg 300w" sizes="auto, (max-width: 500px) 100vw, 500px" /></figure>



<ul id="block-12bd7688-4d2f-4547-90c5-4af469c6fec7" class="wp-block-list">
<li>Glass</li>



<li>Cans and aluminum</li>



<li>Cardboard</li>



<li>Paper</li>



<li>Old clothes </li>



<li>PET and milk bottles can be disposed of in supermarkets </li>
</ul>



<p>Batterien, Neonröhren, Sparlampen und Elektrogeräte sollten Sie unbedingt getrennt bei einer Sammelstelle und nicht im Abfallsack entsorgen. </p>



<p>Bei Fragen rund um die Entsorgung von Abfällen im Kanton Obwalden steht Ihnen der <strong><em><a href="https://www.ezvow.ch/">Entsorgungszweckverband</a></em></strong> gerne zur Verfügung. <br>Kontakt: Tel.: <a href="tel:41416600330">+41 41 660 03 30</a>, E-Mail: <em><a href="mailto:info@ezvow.ch">info@ezvow.ch</a></em> <br>At <em><a href="http://www.abfall.ch/" target="_blank" rel="noreferrer noopener"><strong>www.abfall.ch</strong></a></em> you will find more information on the topic.</p>
</div></div>
			</div>
		</div>
				<div id="qaef-534" class="qe-faq-toggle abfall">
			<div class="qe-toggle-title">
				<h4>
					<i class="fa fa-minus-circle"></i> 03. Wie kann ich Küchenabfälle entsorgen?				</h4>
			</div>
			<div class="qe-toggle-content">
				
<div class="inherit-container-width wp-block-group is-layout-constrained wp-block-group-is-layout-constrained"><div class="wp-block-group__inner-container">
<figure class="wp-block-image alignright size-full is-resized"><img decoding="async" loading="lazy" width="500" height="338" src="https://integration.ow.ch/wp-content/uploads/2021/11/F7-2_31345087_Patryssia.jpg" alt="" class="wp-image-535" style="width:375px;height:254px" srcset="https://integration.ow.ch/wp-content/uploads/2021/11/F7-2_31345087_Patryssia.jpg 500w, https://integration.ow.ch/wp-content/uploads/2021/11/F7-2_31345087_Patryssia-300x203.jpg 300w" sizes="auto, (max-width: 500px) 100vw, 500px" /></figure>



<p class="has-text-align-left">Küchenabfälle gehören zum Grüngut und können zusammen mit Gartenabfällen folgendermassen entsorgt werden: </p>



<ul class="wp-block-list">
<li>In einer <strong>green ton</strong> in Ihrem Wohnort </li>



<li>Bei einer <strong>Materials collection point</strong></li>



<li>Für die Umwelt ist es wichtig, kompostierbare Abfälle nicht im Abfallsack zu entsorgen. </li>
</ul>
</div></div>
			</div>
		</div>
				<div id="qaef-539" class="qe-faq-toggle abfall">
			<div class="qe-toggle-title">
				<h4>
					<i class="fa fa-minus-circle"></i> 04. Was mache ich mit alten Kleidern und alten Möbeln?				</h4>
			</div>
			<div class="qe-toggle-content">
				
<figure class="wp-block-image alignleft size-full is-resized"><img decoding="async" loading="lazy" width="500" height="338" src="https://integration.ow.ch/wp-content/uploads/2021/11/F8-2_30771672_tinadefortunata.jpg" alt="" class="wp-image-540" style="width:450px;height:auto" srcset="https://integration.ow.ch/wp-content/uploads/2021/11/F8-2_30771672_tinadefortunata.jpg 500w, https://integration.ow.ch/wp-content/uploads/2021/11/F8-2_30771672_tinadefortunata-300x203.jpg 300w" sizes="auto, (max-width: 500px) 100vw, 500px" /></figure>



<div class="inherit-container-width wp-block-group is-layout-constrained wp-block-group-is-layout-constrained"><div class="wp-block-group__inner-container">
<p>Alte Kleider gehören in die <strong>Kleidersammlung,</strong> wenn sie nicht kaputt sind. Alte Möbel können ins <strong>Brockenhaus</strong> gebracht werden, wenn sie nicht kaputt sind. Ansonsten gehören Sie zum <strong>Sperrgut</strong>. <br>Tipp: Second-Hand-Läden oder Brockenhäuser haben ein breites Sortiment an gebrauchten Gegenständen, die Sie zu einem günstigen Preis erwerben können. In der Nähe gibt es Brockenhäuser in <a href="https://www.brockenhausobwalden.ch/"><strong><em>Sarnen</em></strong></a>, in <strong><em><a href="https://www.xn--brockhuis-z2a.ch/">Stans</a> </em></strong>or in <a href="https://www.igarbeit.ch/dienstleistungen/luzerner-brockenhaus.html"><strong><em>Lucerne</em></strong></a>.</p>
</div></div>



<p></p>
			</div>
		</div>
		            </div>
		</div>



<p></p>
